2*f - 160 = 0, -4*c - 4*f - 99 + 311 = 0. Calculate the remainder when c is divided by 15.
9
Suppose -3*m + 35 = -0*m - 4*t, 2*m - 5*t - 35 = 0. Calculate the remainder when (-444)/(-24) + 2/4 is divided by m.
4
Let n = -8 - -9. Calculate the remainder when 18 is divided by 5/(n + 2 - 2).
3
What is the remainder when ((-5)/(-3))/(2976/990 + -3) is divided by 46?
45
Let j be -4*(3 - 15/4). Calculate the remainder when (-49)/(-4) + j/(-12) is divided by 5.
2
Let w = 96 - 25. Calculate the remainder when w is divided by 18.
17
Let y be 0 + 1 + 3*1. Let o(t) = t**3 - 5*t**2. Let u be o(7). Suppose -k + 6*k = -3*l + 64, -y*k = 5*l - u. Calculate the remainder when l is divided by 10.
8
Suppose 4*b + 32 = 3*d, -3*b + 1 + 2 = 0. What is the remainder when (-2)/2 - (3 + -27) is divided by d?
11
Let a = 93 - 79. What is the remainder when 53 is divided by a?
11
Let r = -7 - -12. Suppose r*c + 0 = 15. What is the remainder when (-3 + 1)*(-165)/30 is divided by c?
2
Suppose -4 = -6*u + 2*u. Let d = 47 + -31. What is the remainder when d is divided by ((-9)/(-2))/(u/2)?
7
What is the remainder when 19 is divided by (35/(-15))/(2/(-6))?
5
Let y = 2 + 31. Let w = y + -17. What is the remainder when 30 is divided by w?
14
Calculate the remainder when (-2 + 1)/((-2)/358) is divided by 12.
11
Let t(k) = -k**3 - 4*k**2 - 5*k - 3. Let p be t(-3). Suppose -2*x = -p*x + 6. Calculate the remainder when 33 is divided by ((-2)/x)/((-3)/153).
16
Let j = 7 - 4. Suppose -p - 3*r - 4 + 16 = 0, -8 = -5*p - 2*r. Let s = j + p. Calculate the remainder when s is divided by 2.
1
Suppose 0 = -2*c + 37 + 39. Suppose 25 = 5*m - 40. Calculate the remainder when c is divided by m.
12
Let t be 3/9 + (-5)/(-3). Let j(y) = 2*y**3 - y**2 + 2*y - 2. Let o be j(t). Suppose n + n = o. What is the remainder when 27 is divided by n?
6
Let s = 203 - 136. Let m be (s - 2) + (-1)/1. Suppose -f + 0*b - 9 = 5*b, 0 = 4*f - 5*b - m. Calculate the remainder when 31 is divided by f.
9
Let d = -2 - -2. Suppose d = -5*f - 2*t + 310, 2*t - 186 = -3*f - 3*t. Calculate the remainder when f is divided by 21.
20
Suppose 2*w = 3*t + 25, 4*t = -w - 2*w - 5. Suppose 5*i + 65 = 5*s, 35 = w*s + 6*i - 5*i. What is the remainder when s is divided by 3?
2
Suppose 3 = v, -3*b + 2 + 1 = -2*v. Let y(g) = 3*g + 3*g**2 + 2*g**2 + 2 - b*g**2. What is the remainder when y(-4) is divided by 12?
10
Let g = 3 + -1. Suppose g*b = -3*b + 10. Suppose b*x - 35 = -3*x. What is the remainder when 19 is divided by x?
5
Let s(h) = h**2. Let m(q) = -12*q**2 - 2*q + 1. Let v be 1 + (1 - 0/(-1)). Let w(p) = v*s(p) - m(p). Calculate the remainder when w(2) is divided by 20.
19
Let j(f) = -10*f + 6. Let q be j(-5). Suppose -2*z = -0*z - q. Calculate the remainder when z is divided by 15.
13
Let u(x) = 10*x - 39. Let s be (1 + 3)*(0 - 2). Calculate the remainder when (-4)/(-6) - s/6 is divided by u(4).
0
Calculate the remainder when 26 is divided by 9 - (6/4 - 4/(-8)).
5
Let b(h) = -h**2 - h + 2. Let i be b(-2). Suppose 25 = -i*r + 5*r. Suppose 3*c + 71 = 5*x, 2*x + 33 = r*x + 3*c. What is the remainder when 25 is divided by x?
12
Let w(j) = -j + 2. Let y be w(0). Let l = y + 12. Let h(o) = 10*o + 10. What is the remainder when h(3) is divided by l?
12
Calculate the remainder when 14/21*60 + 3/1 is divided by 16.
11
Let o(f) be the first derivative of f**3/3 - f**2/2 - 2*f - 3. Calculate the remainder when o(5) is divided by 10.
8
Let p be (-3)/(-4)*6*2. Let z = 0 + -4. Let j = p + z. Calculate the remainder when 8 is divided by j.
3
Let d be ((-18)/(-4))/(6/(-56)). Let y = 71 + d. Let u(a) = -2*a - 10. Calculate the remainder when y is divided by u(-10).
9
Suppose -4*n + 17 = -67. What is the remainder when 39 is divided by n?
18
Let m = 30 - 5. What is the remainder when m is divided by 9?
7
Suppose 0 = 10*v - 23 - 117. What is the remainder when v is divided by 4?
2
Suppose 2*n - 2 = 92. Suppose n = -0*l - l. Let b = 70 + l. What is the remainder when b is divided by 12?
11
Let t = 10 + -1. Let x = t + 20. Let b = x + -13. Calculate the remainder when 31 is divided by b.
15
Let x(c) = -c - 5. Let w be x(-6). Suppose 70 = 5*s + 2*t, -s + 2*t = w - 3. Suppose -3*i - s = -42. Calculate the remainder when 38 is divided by i.
8
Let i(p) = -5*p + p**2 + 3 + 17*p - 2*p**2 - 8. Calculate the remainder when i(10) is divided by 8.
7
Let c be -2*(2 + -2 + -2). Suppose -4*h - 77 = 3*s - 8*s, -5*h = c*s - 37. Let y(x) = -13*x - 15. What is the remainder when y(-4) is divided by s?
11
Let i(b) = -5 + 3*b**3 + 0*b**3 + 3*b**3 + 9*b - 5*b**3 + 18*b**2. What is the remainder when i(-17) is divided by 33?
32
Suppose 3*f - f = 5*k - 79, f - 37 = -2*k. Calculate the remainder when 67 is divided by k.
16
Suppose -4*z - 6 = y, -4*z = -4*y - 3*z + 44. Calculate the remainder when 18 is divided by y.
8
Suppose 3*g = -g + 8, 0 = 3*h - 2*g - 11. Suppose -2*t - 2*t + 16 = 4*k, -h = 5*t. What is the remainder when 14 is divided by k?
4
Let z be -6*1*9/6. Calculate the remainder when ((-3)/z)/((-3)/(-81)) is divided by (-5)/4*(-4 + 0).
4
Let z = 16 - 23. Let h = 24 + z. What is the remainder when h is divided by 6?
5
Let g(s) = 6*s + 7. Calculate the remainder when g(6) is divided by 15.
13
Suppose 84 = 2*i - 0*i - w, 4*i + w = 180. Calculate the remainder when i is divided by 23.
21
Let s = -270 + 398. Calculate the remainder when s is divided by 33.
29
Suppose 5*g + 5*j = -195, 2*j + 161 = -4*g - 3*j. Let l = g - -47. Calculate the remainder when 37 is divided by l.
11
Let a(f) = 3*f**2 - 2*f + 3. Let x(n) = n**2 - 3. Let c be x(0). What is the remainder when a(c) is divided by 13?
10
Suppose 3*p = 5*o - 47 + 5, 5*p + 40 = 5*o. Calculate the remainder when 24 is divided by o.
6
Suppose -7*w + 10*w = 51. Suppose -3*o + 126 = -24. What is the remainder when o is divided by w?
16
Suppose -120*b + 115*b = -175. What is the remainder when b is divided by 0 - (0 + 1) - -10?
8
Let t = -1 - 2. Let k(h) = -h**2 - 4*h + 1. Let f be k(t). Suppose -f*o = -8*o + 48. Calculate the remainder when 35 is divided by o.
11
Let d(k) = k**3 - 13*k**2 - k + 18. What is the remainder when 8 is divided by d(13)?
3
Let v be ((-1 - -2) + -8)*-4. Let d = v - 17. Suppose -14 = -2*t - f, 2*t + 4*f - 12 = 8. Calculate the remainder when d is divided by t.
5
Let f(v) = -v - 3. Let b be f(-3). Let g(s) = s**2 + 6*s + s**2 + b + 2. What is the remainder when 18 is divided by g(-4)?
8
Let u(r) = -r**3 - 5*r**2 - 5*r - 1. Let c be u(-4). Let m = c - -9. Calculate the remainder when 23 is divided by m.
11
Let m(r) = r**3 - 4*r**2 + 4*r - 3. Suppose -579 = -20*y - 139. What is the remainder when y is divided by m(4)?
9
Let d(m) = m**3 + m + 4. Suppose 3 = 3*z - 6. Calculate the remainder when d(z) is divided by 9.
7
Let u(a) = -a + 20. Let g = 38 + -29. Let j(k) = 2*k**3 + k**2. Calculate the remainder when j(2) is divided by u(g).
9
Let x(l) = 2*l**2 + 4*l - 3. Suppose -o - 7 = 2*p + p, -3*o = 5*p + 9. Calculate the remainder when 24 is divided by x(o).
11
Suppose -3*l = 0, -4*l + 162 = -5*m + 8*m. Let r = m + -32. Calculate the remainder when r is divided by 6.
4
Let v(l) be the third derivative of -l**5/60 - l**4/4 - 2*l**3/3 + 3*l**2. Let o be v(-6). What is the remainder when (-19)/(-4) - o/16 is divided by 3?
2
Let n = -1 + 21. What is the remainder when 57 is divided by n?
17
Suppose 3 = -2*y + 5*y. Let n be (0/(y - 4))/1. Suppose l + 1 = 4*r, n = -2*r - 3*l + 12 - 1. What is the remainder when 1 is divided by r?
0
Let j(s) = s**3 - s**2 - s + 2. Let t be j(2). Suppose 0 = 2*d + 2*l - 16, t*l = 4*d - d - 45. What is the remainder when d is divided by 3?
2
Let r be -2*2/4*34. Let h = 56 + r. Calculate the remainder when h is divided by 8.
6
Let r(x) = -x**3 + 7*x**2 + 4*x - 26. What is the remainder when 27 is divided by r(7)?
1
Let v(p) = -p**2 - 6*p - 6. Suppose 2*g - q + 0 = 7, -5*g - 3*q - 10 = 0. Calculate the remainder when v(-4) is divided by g.
0
Let h(n) = -n**3 + 8*n**2 - 7*n - 1. Let m be h(7). Let r = -1 + m. What is the remainder when 17 is divided by 0/(-3) + (-18)/r?
8
Let v = -13 - -20. Calculate the remainder when v is divided by 3.
1
Let c = 183 - 310. Let q = 232 + c. What is the remainder when q is divided by 27?
24
What is the remainder when 5/35*-2 + (-695)/(-7) i